e the remainder when 107 is divided by 10.
7
Calculate the remainder when 7441 is divided by 73.
68
What is the remainder when 92 is divided by 50?
42
Calculate the remainder when 1394 is divided by 117.
107
Calculate the remainder when 5333 is divided by 29.
26
Calculate the remainder when 771 is divided by 65.
56
Calculate the remainder when 674 is divided by 99.
80
Calculate the remainder when 427 is divided by 5.
2
Calculate the remainder when 146 is divided by 30.
26
What is the remainder when 2199 is divided by 364?
15
What is the remainder when 67 is divided by 24?
19
What is the remainder when 486 is divided by 241?
4
Calculate the remainder when 465 is divided by 43.
35
Calculate the remainder when 82 is divided by 18.
10
What is the remainder when 116 is divided by 33?
17
What is the remainder when 1468 is divided by 49?
47
What is the remainder when 145 is divided by 44?
13
What is the remainder when 347 is divided by 181?
166
What is the remainder when 418 is divided by 30?
28
What is the remainder when 98 is divided by 34?
30
What is the remainder when 5892 is divided by 1174?
22
What is the remainder when 192 is divided by 11?
5
Calculate the remainder when 483 is divided by 121.
120
What is the remainder when 52 is divided by 30?
22
Calculate the remainder when 451 is divided by 428.
23
Calculate the remainder when 68 is divided by 35.
33
What is the remainder when 332 is divided by 106?
14
What is the remainder when 346 is divided by 117?
112
Calculate the remainder when 1716 is divided by 144.
132
What is the remainder when 176 is divided by 10?
6
Calculate the remainder when 36 is divided by 3.
0
What is the remainder when 231 is divided by 39?
36
What is the remainder when 187 is divided by 67?
53
What is the remainder when 163 is divided by 41?
40
What is the remainder when 204 is divided by 112?
92
What is the remainder when 2694 is divided by 77?
76
Calculate the remainder when 11743 is divided by 45.
43
Calculate the remainder when 1852 is divided by 16.
12
Calculate the remainder when 1314 is divided by 12.
6
Calculate the remainder when 269 is divided by 10.
9
Calculate the remainder when 163 is divided by 84.
79
Calculate the remainder when 1001 is divided by 112.
105
Calculate the remainder when 148 is divided by 35.
8
What is the remainder when 677 is divided by 337?
3
Calculate the remainder when 94 is divided by 26.
16
What is the remainder when 808 is divided by 207?
187
Calculate the remainder when 582 is divided by 13.
10
Calculate the remainder when 6514 is divided by 40.
34
Calculate the remainder when 127 is divided by 12.
7
What is the remainder when 70 is divided by 56?
14
Calculate the remainder when 433 is divided by 69.
19
What is the remainder when 350 is divided by 166?
18
Calculate the remainder when 918 is divided by 188.
166
Calculate the remainder when 168 is divided by 48.
24
Calculate the remainder when 359 is divided by 14.
9
What is the remainder when 158913 is divided by 34?
31
What is the remainder when 162 is divided by 62?
38
Calculate the remainder when 133 is divided by 38.
19
Calculate the remainder when 153 is divided by 18.
9
What is the remainder when 371 is divided by 14?
7
What is the remainder when 33 is divided by 5?
3
Calculate the remainder when 527 is divided by 149.
80
Calculate the remainder when 3445 is divided by 36.
25
Calculate the remainder when 1102 is divided by 356.
34
What is the remainder when 1461 is divided by 25?
11
Calculate the remainder when 227 is divided by 46.
43
Calculate the remainder when 30 is divided by 14.
2
Calculate the remainder when 74 is divided by 19.
17
Calculate the remainder when 235 is divided by 28.
11
What is the remainder when 1379 is divided by 344?
3
Calculate the remainder when 503 is divided by 102.
95
What is the remainder when 29 is divided by 20?
9
Calculate the remainder when 134 is divided by 17.
15
What is the remainder when 610 is divided by 27?
16
What is the remainder when 96 is divided by 29?
9
Calculate the remainder when 197 is divided by 49.
1
Calculate the remainder when 142 is divided by 29.
26
What is the remainder when 200 is divided by 7?
4
Calculate the remainder when 5624 is divided by 125.
124
Calculate the remainder when 1744 is divided by 220.
204
What is the remainder when 389 is divided by 28?
25
What is the remainder when 1571 is divided by 123?
95
What is the remainder when 204 is divided by 194?
10
Calculate the remainder when 173 is divided by 56.
5
What is the remainder when 1905 is divided by 191?
186
What is the remainder when 705 is divided by 243?
219
Calculate the remainder when 476 is divided by 27.
17
What is the remainder when 590 is divided by 127?
82
What is the remainder when 546 is divided by 11?
7
Calculate the remainder when 2055 is divided by 29.
25
What is the remainder when 2660 is divided by 1324?
12
What is the remainder when 280 is divided by 271?
9
Calculate the remainder when 1114 is divided by 70.
64
Calculate the remainder when 241 is divided by 2.
1
What is the remainder when 1425 is divided by 62?
61
Calculate the remainder when 1407 is divided by 59.
50
Calculate the remainder when 7118 is divided by 1777.
10
What is the remainder when 278 is divided by 55?
3
What is the remainder when 77 is divided by 21?
14
Calculate the remainder when 606 is divided by 143.
34
Calculate the remainder when 280 is divided by 91.
7
What is the remainder when 1721 is divided by 24?
17
What is the remainder when 442 is divided by 111?
109
Calculate the remainder when 678 is divided by 640.
38
What is the remainder when 423 is divided by 48?
39
Calculate the remainder when 80 is divided by 14.
10
Calculate the remainder when 506 is divided by 149.
59
Calculate the remainder when 403 is divided by 33.
7
What is the remainder when 1336 is divided by 109?
28
What is the remainder when 145 is divided by 49?
47
What is the remainder when 219 is divided by 114?
105
Calculate the remainder when 1225 is divided by 246.
241
What is the remainder when 580 is divided by 8?
4
Calculate the remainder when 610 is divided by 34.
32
What is the remainder when 269 is divided by 44?
5
What is the remainder when 588 is divided by 19?
18
Calculate the remainder when 241 is divided by 14.
3
What is the remainder when 882 is divided by 78?
24
What is the remainder when 842 is divided by 173?
150
Calculate the remainder when 104 is divided by 15.
14
What is the remainder when 21553 is divided by 317?
314
What is the remainder when 430 is divided by 60?
10
Calculate the remainder when 1030 is divided by 115.
110
What is the remainder when 239 is divided by 69?
32
Calculate the remainder when 116 is divided by 12.
8
What is the remainder when 1254 is divided by 19?
0
What is the remainder when 1352 is divided by 135?
2
Calculate the remainder when 2401 is divided by 267.
265
Calculate the remainder when 3966 is divided by 1976.
14
What is the remainder when 1490 is divided by 47?
33
What is the remainder when 252 is divided by 227?
25
What is the remainder when 691 is divided by 12?
7
What is the remainder when 102 is divided by 35?
32
What is the remainder when 130 is divided by 101?
29
What is the remainder when 309 is divided by 12?
9
What is the remainder when 619 is divided by 127?
111
Calculate the remainder when 247 is divided by 233.
14
Calculate the remainder when 344 is divided by 6.
2
What is the remainder when 236 is divided by 117?
2
What is the remainder when 20312 is divided by 14?
12
What is the remainder when 208 is divided by 36?
28
Calculate the remainder when 446 is divided by 56.
54
Calculate the remainder when 2665 is divided by 86.
85
What is the remainder when 312 is divided by 29?
22
What is the remainder when 425 is divided by 71?
70
Calculate the remainder when 243 is divided by 35.
33
What is the remainder when 10 is divided by 7?
3
What is the remainder when 89 is divided by 11?
1
What is the remainder when 763 is divided by 75?
13
What is the remainder when 1349 is divided by 5?
4
What is the remainder when 32 is divided by 11?
10
Calculate the remainder when 894 is divided by 56.
54
What is the remainder when 680 is divided by 223?
11
What is the remainder when 826 is divided by 54?
16
